er?
True
Is 9154091 a prime number?
True
Is 7709257 composite?
False
Is 12156199 composite?
True
Is 74378197 a composite number?
True
Is 4386379 a composite number?
False
Is 44736217 composite?
True
Is 274585757 a composite number?
True
Is 98315921 prime?
False
Is 3623311 prime?
False
Is 189461 prime?
False
Is 7071943 composite?
False
Is 155733961 a composite number?
False
Is 36305851 prime?
False
Is 3802861 a prime number?
True
Is 25157551 a composite number?
True
Is 26101423 a composite number?
True
Is 15207601 prime?
False
Is 125604933 composite?
True
Is 801289 prime?
True
Is 87409 prime?
False
Is 26241811 composite?
False
Is 7742629 a prime number?
False
Is 97623879 composite?
True
Is 15910321 a composite number?
True
Is 14513 prime?
False
Is 511072361 a prime number?
True
Is 261084191 composite?
False
Is 76762757 a composite number?
False
Is 36718777 prime?
True
Is 2418755 composite?
True
Is 5951567 composite?
True
Is 100303523 prime?
False
Is 75483041 a prime number?
False
Is 141387 a prime number?
False
Is 2169443 prime?
True
Is 543709 composite?
True
Is 804281 composite?
False
Is 19603946 composite?
True
Is 8230597 composite?
True
Is 14986743 prime?
False
Is 546461 a prime number?
True
Is 125514443 composite?
True
Is 5264801 prime?
True
Is 1480333 composite?
True
Is 1887797 a prime number?
True
Is 990211 a composite number?
False
Is 7688137 a composite number?
True
Is 140490485 prime?
False
Is 425488411 a composite number?
True
Is 2079811 a prime number?
True
Is 5113221 a prime number?
False
Is 142517402 prime?
False
Is 5261341 a prime number?
True
Is 50781811 composite?
False
Is 121871663 composite?
False
Is 907842833 composite?
False
Is 2662921 prime?
True
Is 243241 a prime number?
False
Is 599785691 prime?
True
Is 22714567 composite?
True
Is 6012313 a composite number?
False
Is 24959903 composite?
False
Is 182418013 prime?
True
Is 1166281 prime?
False
Is 24289609 prime?
True
Is 6679097 composite?
False
Is 20636711 prime?
False
Is 21785399 a prime number?
False
Is 3135079 a composite number?
False
Is 7536993 a prime number?
False
Is 160813 composite?
False
Is 13311301 prime?
True
Is 12066569 a composite number?
True
Is 26546737 composite?
True
Is 149485741 prime?
False
Is 24344599 a prime number?
False
Is 146947 composite?
True
Is 4907913 composite?
True
Is 34682311 composite?
False
Is 23420273 prime?
False
Is 50894309 a prime number?
False
Is 359711809 a prime number?
False
Is 1265057 prime?
False
Is 726638303 composite?
False
Is 118684691 composite?
True
Is 74375989 prime?
True
Is 7154971 a prime number?
True
Is 2709051013 prime?
True
Is 1786891 prime?
False
Is 250157 a prime number?
False
Is 35195047 a composite number?
False
Is 171882577 a prime number?
True
Is 84783983 a prime number?
False
Is 129750377 a prime number?
True
Is 10990457 prime?
True
Is 2571649 prime?
True
Is 1358571 a composite number?
True
Is 49693321 a prime number?
False
Is 66963739 prime?
True
Is 2105171 composite?
True
Is 51929 prime?
True
Is 826999 prime?
False
Is 555787 a composite number?
True
Is 14724181 composite?
False
Is 41297821 a prime number?
True
Is 37995511 composite?
True
Is 38290867 a prime number?
True
Is 10023593 prime?
True
Is 76451749 a prime number?
False
Is 2458471 a prime number?
False
Is 543539 composite?
False
Is 1030607 composite?
True
Is 1635013 composite?
False
Is 76935077 a prime number?
True
Is 7911713 prime?
True
Is 17173181 composite?
False
Is 1200797 composite?
True
Is 12020167 a prime number?
False
Is 12549763 composite?
True
Is 22803637 a composite number?
False
Is 10673959 composite?
True
Is 4439839 a composite number?
True
Is 25147139 composite?
False
Is 9492601 a composite number?
False
Is 117591223 composite?
False
Is 36099179 prime?
True
Is 316189039 prime?
True
Is 609859 a prime number?
True
Is 61858717 a composite number?
False
Is 11020379 a composite number?
True
Is 1584991 a composite number?
True
Is 7840153 a composite number?
False
Is 1090241 composite?
False
Is 2109671 composite?
False
Is 32945773 a prime number?
False
Is 8471861 a prime number?
False
Is 2802403 prime?
True
Is 2540987 composite?
True
Is 39919261 a composite number?
False
Is 6210257 a prime number?
False
Is 41010809 a composite number?
True
Is 8020183 a composite number?
False
Is 14804833 prime?
True
Is 10149466 prime?
False
Is 25223399 prime?
True
Is 2234327 a composite number?
True
Is 2267857 prime?
False
Is 3887879 prime?
False
Is 82446071 a prime number?
True
Is 1385561 a composite number?
False
Is 3918689 composite?
False
Is 52192409 prime?
True
Is 96755863 a composite number?
True
Is 5769899 prime?
True
Is 55889101 composite?
False
Is 109126427 a composite number?
False
Is 1503059 a prime number?
True
Is 22195889 a composite number?
False
Is 9867607 a prime number?
False
Is 1597381 a composite number?
False
Is 10391839 a prime number?
True
Is 48555313 composite?
False
Is 1908337 prime?
False
Is 901926533 a prime number?
True
Is 1510471 a composite number?
True
Is 29122777 prime?
False
Is 1797811 a prime number?
False
Is 26204707 a prime number?
True
Is 1773407 composite?
False
Is 1379771 a composite number?
True
Is 32639749 a prime number?
True
Is 87577355 prime?
False
Is 62383 prime?
True
Is 14052473 prime?
False
Is 4303789 prime?
False
Is 34497569 prime?
True
Is 4368029 prime?
True
Is 53523069 prime?
False
Is 17262709 a composite number?
False
Is 87053035 composite?
True
Is 168233 composite?
True
Is 14513219 a prime number?
False
Is 15353059 a composite number?
True
Is 11661373 prime?
False
Is 1249441111 prime?
True
Is 49274977 a prime number?
False
Is 7586773 prime?
False
Is 160597787 a composite number?
True
Is 28384159 a prime number?
True
Is 133357 a composite number?
True
Is 24773961 composite?
True
Is 24357857 a prime number?
False
Is 1523339 a composite number?
False
Is 778979 prime?
True
Is 19054417 prime?
True
Is 470814173 a prime number?
True
Is 64851958 a prime number?
False
Is 6250301 composite?
False
Is 6762317 prime?
True
Is 19870133 prime?
False
Is 126653 a prime number?
True
Is 9654577 composite?
False
Is 216091 a prime number?
True
Is 3099419 a prime number?
True
Is 35833363 a composite number?
True
Is 25559419 prime?
False
Is 2521317 prime?
False
Is 27618623 composite?
False
Is 75086171 a composite number?
False
Is 16502257 composite?
True
Is 5195279 a prime number?
False
Is 9395453 prime?
True
Is 16197058 prime?
False
Is 53946973 a composite number?
False
Is 17132779 a prime number?
True
Is 2002431 a prime number?
False
Is 11925803 a composite number?
True
Is 581521 a composite number?
False
Is 64887811 a composite number?
False
Is 13800931 composite?
False
Is 651173 a composite number?
True
Is 30803 composite?
False
Is 23214967 composite?
False
Is 31858951 prime?
True
Is 539033557 prime?
False
Is 3368633 composite?
False
Is 3821579 prime?
True
Is 139912469 a prime number?
False
Is 774998321 a prime number?
False
Is 2069329 a prime number?
True
Is 23916241 prime?
False
Is 3185995 prime?
False
Is 171285857 composite?
False
Is 174154393 a prime number?
False
Is 233426329 composite?
True
Is 8758279 a composite number?
False
Is 4949453 composite?
True
Is 12423763 prime?
False
Is 28870069 composite?
False
Is 1046824811 a composite number?
False
Is 607301 a prime number?
True
Is 85471 composite?
True
Is 1544641 a prime number?
False
Is 1073857 composite?
False
Is 1688741 prime?
True
Is 30227507 composite?
False
Is 2664861 a composite number?
True
Is 61297897 a prime number?
False
Is 1461007 a prime number?
False
Is 37488289 prime?
False
Is 15761491 a prime number?
True
Is 622709 prime?
True
Is 23100731 a prime number?
True
Is 344941 composite?
False
Is 37000497 a prime number?
False
Is 23612227 prime?
True
Is 6978047 prime?
True
Is 2732407 prime?
True
Is 218351 a prime number?
False
Is 4947421 composite?
True
Is 150394531 a composite number?
True
Is 7416737 prime?
False
Is 213575261 a composite number?
False
Is 22264793 prime?
False
Is 6247183 a composite number?
False
Is 1374983 a composite number?
False
Is 3926303 prime?
False
Is 19133099 prime?
False
Is 38278706 prime?
False
Is 4660781 prime?
True
Is 4847231 prime?
True
Is 266758601 composite?
False
Is 17717477 a composite number?
False
Is 182673773 a composite number?
T